hen r(v) is divided by 51?
37
Let z(x) = -x**3 - 7*x**2 - 7*x - 2. Let v be z(-6). Suppose -v*o + 382 = 2*l, -l = -o + 6*o - 470. Calculate the remainder when 43 is divided by (-5)/20 + o/4.
20
Let q = -26880 + 28837. What is the remainder when q is divided by 110?
87
Suppose 0 = -11*m + 4*m + 56. Let s(n) = -n**2 + 10*n - 10. What is the remainder when s(m) is divided by (1/(-3))/(6/(-36))?
0
Let c be (-22)/77 + 345/42*146. Suppose -4*k = -r - c, 8*r - 4*r = 3*k - 883. What is the remainder when k is divided by 8?
5
Let r(n) = 2*n**3 + 21*n**2 - 21*n - 20. Let z be r(-10). Calculate the remainder when z/4*128/80 is divided by 12.
8
Let p(h) = h**2 + 14*h + 2. Let f be p(-10). Let l = f - -40. Suppose 84 - 8 = l*m. Calculate the remainder when m is divided by 10.
8
What is the remainder when 11/10 - 52/520 - (-1 + -332) is divided by 87?
73
Let x(j) = 42*j**2 - 4999*j + 132. Calculate the remainder when 1869 is divided by x(119).
10
Suppose -4*g + 6*g - 6 = 0. Let n(w) = 8*w - 177. Let f be n(25). Suppose f*s = 22*s + 5. What is the remainder when s is divided by g?
2
Let k(g) = -g**2 + 35*g - 71. Suppose -3*b + 70 = -986. Let z be 4/6 + b/12. Calculate the remainder when k(z) is divided by 16.
15
Suppose 0 = -8*i + 3*i. Let u = i - -24. Calculate the remainder when u is divided by (-212)/(-16) - 15/60.
11
Let m(i) = -32*i + 21. Suppose 0*f - f - u + 60 = 0, -2*u - 63 = -f. What is the remainder when f is divided by m(0)?
19
Let i(o) = -o**2 + 16*o - 29. Let b be -2 + (-18)/22 + (-28)/154. Let n(t) = -t**3 - 2*t**2 - 7*t - 2. Calculate the remainder when n(b) is divided by i(13).
8
Suppose 2*a - 296 = -j + 1595, 7*j = -4*a + 13157. What is the remainder when j is divided by 188?
183
Suppose -2*q - 112 = -5*z + 136, 3*z + 4*q = 154. Calculate the remainder when z is divided by 2/(-4) + ((-1)/2)/(30/(-1050)).
16
Suppose -4*h = -2*i - 8, -5*h + 9 = -2*i - 0*h. What is the remainder when 13 is divided by i + 10 + -1 + -3?
1
Suppose -7*l - 5*a = -6*l - 8, 5*l = a + 40. Suppose -22 = -117*r + 115*r. Calculate the remainder when r is divided by l.
3
Let m(l) = 4*l + 132. Let y be m(-32). Suppose y*o - 84 - 24 = 0. What is the remainder when 6/2*(-133)/(-3) is divided by o?
25
Let y = -22 + 27. Let p = y + 3. Let x = -5 + p. Calculate the remainder when 11 is divided by x.
2
Suppose j + 0 + 1 = 0. Let b(s) = -253*s**3 + 3*s**2 + s. Let k be b(j). Calculate the remainder when 152 is divided by ((-2)/((-10)/k))/(-2 + 3).
50
Let w = 6 - 2. Suppose 5*h + 0*h = -3*g - 10, 4*g = 4*h + 8. Calculate the remainder when 70 is divided by ((-24)/h)/((-6)/w + 3).
6
What is the remainder when (-239 + -1)*2/(-5) is divided by (-5)/(225/(-6)) + 399/45?
6
Suppose 5*p = -4*x + 120, 2*x - 18 = 11*p - 12*p. Suppose -2*u + 7 = 6*d - 5*d, 0 = -4*d - 2*u + p. What is the remainder when 41 is divided by d?
6
Suppose 0 = -5*k - t + 22, -k + 2 = 3*t - 8. Suppose -k*x - 3*p = -211, -p = -3*x + 100 + 42. Calculate the remainder when 96 is divided by x.
47
Suppose -3*u = -0*u - 225. Let l(g) = -8*g - 643. What is the remainder when u is divided by l(-82)?
10
Let p(o) = 23*o - 141. Let z be p(6). Let y(l) = 3*l**2 - 3*l - 8. What is the remainder when 152 is divided by y(z)?
12
Suppose -5*c - 124 + 287 + 137 = 0. What is the remainder when 325 is divided by c?
25
Let u(z) = -20*z**2 - 3*z + 50. Let j(c) = -21*c**2 - 3*c + 51. Let r(p) = 5*j(p) - 6*u(p). Calculate the remainder when r(6) is divided by 86.
83
Suppose -7*b - 4*b = 154. Let w = 18 - b. What is the remainder when (0 - 20/(-15))*(-564)/(-8) is divided by w?
30
Let v = -4278 - -4307. What is the remainder when 185 is divided by v?
11
Suppose -33*y + 1408 = 481 - 1251. Let q = -204 + 458. Calculate the remainder when q is divided by y.
56
Let a(j) = 18*j**2 + 55*j + 183. What is the remainder when a(-4) is divided by 38?
23
What is the remainder when 721 is divided by (7 + -3)*3/4 - -185?
157
Suppose 18*p = 269 + 559. Let z(j) = 8*j**3 + j**2 - j. Let g be 6/12*2/1. What is the remainder when p is divided by z(g)?
6
Suppose 5*i - 2*c = 22, -4*i - 8 = -4*c - 28. Suppose 3*z = -i*m + 440, -8*m + 3*z = -4*m - 416. What is the remainder when m is divided by ((-1)/2)/((-1)/72)?
35
Suppose 5*n = 149 + 36. Let d(h) = h**3 - 38*h**2 + 38*h - 13. What is the remainder when 106 is divided by d(n)?
10
Let t(r) = -r**3 - 9*r**2 - 32*r - 55. What is the remainder when 460 is divided by t(-7)?
34
Suppose 3*l = 5*g + 9, -2*l = 3*g - 22 - 3. Calculate the remainder when 57 is divided by (-1)/5 + l + 781/55.
13
Let m(s) = -s**3 - 11*s**2 - 12*s - 50. Let w(r) = -r**3 + 14*r**2 + 46*r + 74. Let b be w(17). Calculate the remainder when m(b) is divided by 21.
19
What is the remainder when (-65 - -25)*125/(-4) is divided by 21?
11
Let m(p) = -p**3 + 6*p**2 - p + 3. Let k be m(6). Let j(d) = -8*d + 4. Let l = -27957 - -27973. Calculate the remainder when j(k) is divided by l.
12
Let t = 4 + -1. Let s(g) be the first derivative of -g**4/4 - 2*g**3/3 + 2*g**2 - 4*g + 20. What is the remainder when s(-4) is divided by t?
0
Suppose -2*f - 2 = 2*w, 2*f - 3*w - 4 = -1. Calculate the remainder when f - 10496/(-52) - (-34)/221 is divided by 34/(-4)*(0 - 4).
32
Let w be (8/6)/((-7)/(-399 - 0)). Suppose 12*m - 368 = w. Calculate the remainder when m is divided by 10.
7
Let w be (2/2)/(13/26). Suppose 2*c = 0, 3*c = -w*g + 8*c + 58. Calculate the remainder when 200 is divided by g.
26
What is the remainder when -6*24/16 + (-2 + 8 - -2030) is divided by 504?
11
Suppose -3*y = -2*q + 3187 - 621, -5*y - 2558 = -2*q. Suppose 0 = 5*n - 3*j - q, -5*j - 6 + 275 = n. Calculate the remainder when n is divided by 52.
51
Suppose 1005 = 3*o + 32*n - 35*n, 0 = 2*n - 10. What is the remainder when o is divided by 82?
12
Let z = 324 + -253. What is the remainder when z is divided by 31?
9
Suppose 0 = -2*l - z + 760, 3*l - 3*z - 669 - 480 = 0. Suppose 5*j + l = 4*h, -17 + 7 = 2*j. What is the remainder when 253 is divided by h?
75
Suppose -86 = -3*k - y, -2*y - 4 = -2. Let g(i) = i**2 - 31*i + 77. Calculate the remainder when 32 is divided by g(k).
13
Let r(g) = -38*g + 3*g - 12*g - 38. What is the remainder when r(-3) is divided by 9?
4
Let y = 25159 - 25121. What is the remainder when 5013 is divided by y?
35
Let a = 27055 + -26962. Calculate the remainder when 1295 is divided by a.
86
Suppose 0 = 2*f + 3*w - 5*w - 18, -f = 2*w - 21. Let y = -10308 + 10356. What is the remainder when y is divided by f?
9
Suppose v - u = 444, -9*v = -4*v + 2*u - 2234. Suppose 50*x - 454 = v. Calculate the remainder when 31 is divided by x.
13
What is the remainder when 1154 is divided by ((-22)/33)/(4*1/(-2238))?
35
What is the remainder when 5938 is divided by (12/4 - 2)*255/17?
13
What is the remainder when 2846 is divided by 162/216*(-2)/(-2*(-9)/(-84))?
4
Suppose -1990 + 105 = -5*b. Let o = b + -326. Calculate the remainder when o is divided by 27.
24
Let z(x) = -5*x - 2*x + 424 + 2104 - 280. Let m be z(0). Calculate the remainder when 115 is divided by m/56 - 2/14.
35
Suppose -186 = -4*d - 7*f, 2*f - 49 = -37. What is the remainder when 1239 is divided by d?
15
Let a(q) = 262*q**2 + 23*q - 18. Calculate the remainder when a(5) is divided by 50.
47
What is the remainder when 29 is divided by 3/(-4)*((-10)/7 + (-4)/(-42))?
0
Suppose 0 = 2*h - 4*h + 4, 4*l + 206 = -3*h. Let m = 173 - l. Let b = m + -132. What is the remainder when b is divided by 16?
14
Suppose 514*z = 510*z + 72. Suppose -z*a = -12*a - 252. Calculate the remainder when 133 is divided by a.
7
Calculate the remainder when 330 is divided by 536/10*(53 + 6304/(-128)).
129
Let x = 18 + -7. Suppose 7*r + 550 = 1838. Suppose 5*q + 59 - r = 0. Calculate the remainder when q is divided by x.
3
Suppose -4*k + 266 = 5*d, 110 - 44 = k + d. Let q = 53 - 55. Calculate the remainder when k is divided by q/((-80)/(-132) - (-2)/(-3)).
31
Suppose -5*d - 9*c = -3215, -4*d = -3*c + 145 - 2666. Calculate the remainder when d is divided by 54.
40
Calculate the remainder when 4217 is divided by 8*616/128 - 2/4.
37
Let i = 97 + -63. Let p be i/8 - (-9)/(-36). What is the remainder when ((-5)/p)/(159/(-156) - -1) is divided by 17?
14
Let l(z) = -11*z - 6. Let c be ((15/25)/(-3))/(2/10). Let t be l(c). Suppose 3*m - q - 14 = 79, t*q = m